Let k(j) = j**2 - 10*j + 10. Let d be k(12). Suppose 3*i - 208 = -d. What is the remainder when i is divided by 15?
13
Suppose 7*w - 1073 = -3*j + 8*w, -2*j + 2*w + 710 = 0. Calculate the remainder when j is divided by 92.
83
Let h(u) = -u**3 + 8*u**2 + u - 2. Let i be h(8). Suppose 0 = -i*n + 13 + 143. Calculate the remainder when 102 is divided by n.
24
Let u(p) = -p + 7. Let v(f) = -f**2 + 5*f + 7. Let i be v(5). Suppose -8 = -5*z + i. Calculate the remainder when u(-4) is divided by z.
2
What is the remainder when 796 is divided by 4161/(-438)*(-3)/((-3)/(-2))?
17
Let n(u) = 7*u**2 - 3*u - 4. Suppose -10*v = -12*v + 6. Let d be n(v). Calculate the remainder when ((-128)/(-40))/(4/d) is divided by 15.
10
Calculate the remainder when ((-2124)/(-6) - 1)/(2/6) is divided by 18.
15
Suppose -218 = -2*y + 4*u, -6*u + 5*u = -4*y + 471. Calculate the remainder when y is divided by 51.
17
Suppose -5*o + y + 30 = -3*y, -3*o - 5*y = 19. Let m = 26 + 0. What is the remainder when 4 + 0 - (o - m) is divided by 15?
13
Let s(u) = -u + 10. Let d be s(4). Suppose -4*g + d = -g. Suppose -2*q - g*b = -28, q - 13 = -3*b - 3. Calculate the remainder when 63 is divided by q.
15
Let u = 552 + -262. Suppose -124 = -3*t + u. What is the remainder when t is divided by 35?
33
Calculate the remainder when 9 is divided by ((-10)/(-6))/((-40)/(-48)).
1
Let o(w) = -12*w - 1. Let y be o(-1). Let m = 17 - y. Suppose -100 = x - m*x. Calculate the remainder when x is divided by 7.
6
Let n be ((-4)/(-6))/(1/3). Let q(a) = -a**n - 4*a + 6 + a - 3*a - 6*a. What is the remainder when 15 is divided by q(-12)?
3
Suppose -19*v = -92 - 22. What is the remainder when 15 is divided by v?
3
Let y = 62 + 4. Let m = y + -37. Calculate the remainder when 56 is divided by m.
27
Suppose 552 - 90 = 14*f. Let p be (-3)/((3/(-2))/1). Suppose -70 = -5*x - 5*w, -p*x - 3*w - 3 = -4*x. Calculate the remainder when f is divided by x.
6
Let q = 52 - 17. Calculate the remainder when -136*(2/(-12) + (-5)/15) is divided by q.
33
Let z(t) = 2*t**2 - t + 125. What is the remainder when z(0) is divided by 14?
13
Let b(f) = f**2 - f + 1. Let j(h) = h**3 + 29*h**2 + 17*h - 4. Let y(z) = -5*b(z) + j(z). What is the remainder when y(-23) is divided by 11?
3
Let y = -95 - -97. Suppose -y*w + 3*w = 5. Suppose g + 3*g = 12. What is the remainder when w is divided by g?
2
Let n(l) = 34*l + 7. Calculate the remainder when n(1) is divided by (22*-1)/(-1 + -1).
8
Suppose 0 = x + 3*g + 5, 2*x + 4*g + 4 = 2. Let y be 93/6 + 39/26. What is the remainder when (x - y)*-2*1 is divided by 7?
6
Let w be (2/4)/(4/(-8)). Let q(s) = -s**3 - 7*s**2 + 6. What is the remainder when w*(-68)/(0 + 4) is divided by q(-7)?
5
Suppose 14*p - 744 = -10*p. What is the remainder when p is divided by 3?
1
Suppose -4*w = -9*w + 250. What is the remainder when 195 is divided by w?
45
Suppose 4*v - 5*k = 47, -2*v - k = v - 21. Let p(u) = u**2 - u. Let h be p(-1). Let q = v - h. Calculate the remainder when q is divided by 2.
0
What is the remainder when 1/5 + (-7 - 3744/(-30)) is divided by 11?
8
Let z(y) = 2*y**2 + 7*y - 2. Suppose 12*w - 153 - 135 = 0. Suppose 3*f = 5*d + 2, 4*f = -2*d - 4 + w. What is the remainder when z(-5) is divided by f?
1
Let x be -5 + (-108)/(-20) - (-8)/5. Calculate the remainder when 141 is divided by (-45)/x*32/(-40).
15
Let r(u) = -2*u**3 + u + 1. Let v be r(-1). Suppose -2*g = -l + 2, -v*g + 5*l - 10 = -6*g. Let c = 3 + g. Calculate the remainder when 9 is divided by c.
0
Let l(w) = -w**2 + 37*w + 477. What is the remainder when 3/(6/20) + -1 is divided by l(47)?
2
Let v(l) = 17*l + 1. Let y(t) = -t - 6. Let j be y(-6). Suppose j = r + 4*m, -5*m + 0*m = -2*r + 13. Calculate the remainder when v(r) is divided by 14.
13
Let b = -13 - -28. Suppose d - w + 2*w = 0, 3*w - 3 = -4*d. What is the remainder when (d/6)/(1/56) is divided by b?
13
Let j = -53 - -95. What is the remainder when 250 is divided by j?
40
Let p(j) = -2*j**2 - 26*j + 25. Let k be p(-14). What is the remainder when 42 is divided by 151/7 + (k - (-72)/21)?
20
Let f(g) = -g**2 - 4*g + 25. Let r be f(-7). Suppose 0*d + 396 = r*d. What is the remainder when d is divided by 25?
24
Let s(c) = -c**2 + 10*c - 21. Let j be s(6). Suppose -o + 468 = j*o. What is the remainder when o is divided by 24?
21
What is the remainder when ((-54)/15 - (-6)/(-10))*-30 is divided by 15?
6
Suppose -5*q + 6*q + 4*n - 6 = 0, 0 = -5*q - 3*n + 30. Let m be -7 + (-3 - (-3 - 2)). Calculate the remainder when (8/5)/(-4) - 107/m is divided by q.
3
Let p = 102 + -91. Calculate the remainder when 28 is divided by p.
6
Calculate the remainder when (-1)/(1/2)*-6 is divided by (-1)/(8/(-22)) - 2/(-8).
0
Suppose -3*c - 2 = -14. Suppose 0 = -5*n - 3*i - 49, 0 = -c*n - 0*i - 4*i - 44. Let v(x) = -x + 6. What is the remainder when 53 is divided by v(n)?
11
Let r(z) = z**2 - 14*z + 30. Let t be -3 - (49 - -2)/(-1). Let v = t + -31. What is the remainder when v is divided by r(2)?
5
Suppose -7*g + 103 + 9 = 0. Calculate the remainder when 429 is divided by g.
13
Suppose 4*w + 2 = 4*c + 10, 2*c - 3*w + 6 = 0. Suppose c = 3*b - 5*b + 128. Let i = b - 39. What is the remainder when 74 is divided by i?
24
Suppose 3*b = 4*h + 680, 0 = -5*b - h + 648 + 493. Let x(k) = -2*k**2 - 22*k + 10. What is the remainder when b is divided by x(-8)?
54
Let z(w) = 35*w**3 + 2*w**2 - 3*w + 2. Let v be 1/2 - 4/(-8). Let y be z(v). What is the remainder when 26 is divided by 531/y - 3/4?
12
Calculate the remainder when 264/10*5/2 is divided by 34.
32
Suppose -3*n + 107 = 4*q + 2*n, 5*q - 118 = -n. Calculate the remainder when 80 is divided by q.
11
Let b(x) = 2*x**2 - 8*x + 9. Calculate the remainder when b(7) is divided by 19.
13
Suppose -3*j + 21 = 2*d, 0*j - 5 = -4*j + 5*d. Suppose 4*v - 3*b = 240, -125 - 180 = -5*v + j*b. What is the remainder when v is divided by 20?
17
Let x = -1253 + 1315. What is the remainder when 552 is divided by x?
56
Suppose -4*t - 11 + 55 = 4*k, -22 = -2*k - 4*t. Let j = k - 11. Suppose -r + 29 = o - j*o, -o = -4*r - 54. What is the remainder when o is divided by 9?
7
Let a(x) = 5*x + 58. Calculate the remainder when 74 is divided by a(-11).
2
Let m(y) = 9*y + 10. Let r be m(5). Let p = r - 11. Let u(g) = 4*g**2 + 2*g. Calculate the remainder when p is divided by u(-2).
8
Let o = 1 - -1. Let c(f) = 2*f**3 + 128*f**2 + 3*f + 198. What is the remainder when c(-64) is divided by o?
0
Let s(d) = 5*d**2 + 2*d + 10. Let p be s(-5). Suppose 5*c - p - 50 = 0. What is the remainder when c is divided by (-1)/(-9) - 1696/(-288)?
5
Let v(o) = -o**3 + 2*o**2 + 4*o. Let n = 17 + -14. Let m be v(n). Suppose -2*w - 3*w = 4*b + 1, -2*w + m*b = -18. What is the remainder when 3 is divided by w?
0
Suppose -4*w + 9*w = 35. Let o = 144 - 152. Calculate the remainder when o/(-14) - (-1122)/119 is divided by w.
3
Suppose 5*b - 2*z - 106 = z, z + 20 = b. Let v(j) = 3*j + 0 + 3 + 0 + 1. What is the remainder when b is divided by v(3)?
10
Calculate the remainder when 209 is divided by ((-9)/(-15))/((-836)/280 - -3).
41
Calculate the remainder when 17 is divided by (19/17 + (-22)/187)*5.
2
Let n be (-2)/(1 - (-2 - -1)). What is the remainder when -3*(50/(-3) + 0) is divided by 374/(-33)*(3/2)/n?
16
Let n(q) = q**3 + 2*q**2 - 6*q - 2. Let c be (-2 + 9 + -4)*-1. Suppose -2*k = 3*l - 59 + 8, -l = -5. What is the remainder when k is divided by n(c)?
4
Let z = 33 + -4. Let s = z + -8. Suppose -2*o - s = -5*o. Calculate the remainder when 22 is divided by o.
1
Let c(h) = 12*h + 258. What is the remainder when 61 is divided by c(-18)?
19
Let m(g) = -1 + g**2 - 1 - 7*g + 4. Calculate the remainder when 57 is divided by m(8).
7
Let c(f) = 59*f + 501. What is the remainder when 523 is divided by c(-7)?
83
Let s = 2018 + -2013. Calculate the remainder when 577 is divided by s.
2
Let g(z) = z**3 + 3. Suppose 0 = -f - 2*f. Suppose 0 = -3*p - 5*p + 8. What is the remainder when g(f) is divided by p?
0
Suppose -o = -4*c - 59, -6*c - 12 = -2*c. Calculate the remainder when o is divided by 1/(4/102) - (-513)/(-342).
23
What is the remainder when 137 is divided by 73 - (28/7)/2?
66
What is the remainder when 7/(7/4) - -34 is divided by 5?
3
Let u(n) = 410*n - 4915. Suppose 96 = 5*g + 4*z - 177, 5*g - 4*z = 297. Calculate